alculate the highest common divisor of 6 and 42892.
2
What is the highest common divisor of 128976 and 8?
8
Calculate the highest common divisor of 179290 and 130.
10
What is the highest common factor of 1521 and 949?
13
Calculate the greatest common factor of 210 and 4172.
14
What is the highest common factor of 87505 and 220?
55
Calculate the greatest common factor of 1100 and 10824.
44
What is the greatest common divisor of 77384 and 16?
8
What is the greatest common divisor of 770 and 44110?
110
Calculate the highest common divisor of 27 and 17289.
9
Calculate the highest common factor of 488357 and 152.
19
What is the greatest common divisor of 12631 and 36407?
743
Calculate the highest common factor of 176088 and 101442.
1914
Calculate the greatest common factor of 840 and 93030.
210
Calculate the highest common factor of 4886 and 471848.
698
Calculate the greatest common factor of 168 and 389040.
24
What is the highest common divisor of 165256 and 227?
227
Calculate the greatest common divisor of 236989 and 9691.
881
Calculate the highest common factor of 49306 and 712.
178
What is the highest common divisor of 3971 and 75031?
209
Calculate the highest common factor of 126852 and 132.
132
What is the highest common factor of 20801 and 3843?
61
What is the highest common divisor of 209618 and 326?
326
What is the highest common divisor of 28664 and 8?
8
Calculate the highest common factor of 522528 and 12.
12
What is the highest common factor of 204832 and 192?
32
Calculate the greatest common factor of 1 and 6661.
1
What is the greatest common factor of 5 and 204245?
5
What is the greatest common divisor of 1218 and 10614?
174
Calculate the highest common factor of 47839 and 88.
11
Calculate the highest common divisor of 19264 and 28.
28
Calculate the highest common divisor of 1617 and 189420.
231
What is the greatest common divisor of 2522392 and 68?
68
Calculate the greatest common divisor of 59647 and 28.
7
What is the greatest common factor of 58303 and 14?
7
What is the greatest common factor of 350126 and 1124?
562
What is the greatest common divisor of 49086 and 11615?
101
Calculate the highest common divisor of 268 and 1484184.
268
What is the highest common factor of 45676 and 57?
19
Calculate the highest common divisor of 7155 and 621.
27
Calculate the greatest common factor of 383934 and 244.
122
Calculate the greatest common factor of 1440490 and 184.
46
Calculate the greatest common factor of 236208 and 76.
76
What is the highest common factor of 284556 and 15180?
276
Calculate the highest common divisor of 253 and 56879.
23
What is the highest common factor of 28896 and 21328?
688
What is the greatest common divisor of 9880 and 910?
130
Calculate the highest common divisor of 61314 and 341.
11
What is the greatest common divisor of 42900 and 52338?
858
What is the greatest common factor of 52 and 1187849?
13
Calculate the greatest common divisor of 11207 and 14.
7
What is the greatest common divisor of 54710 and 10?
10
What is the highest common divisor of 63 and 8519?
7
What is the highest common divisor of 837 and 145080?
279
What is the greatest common divisor of 28952755 and 65?
65
Calculate the greatest common factor of 407223 and 6.
3
What is the highest common divisor of 361 and 516173?
19
What is the highest common factor of 7099589 and 217?
217
Calculate the greatest common divisor of 163530 and 9.
9
What is the highest common divisor of 286918 and 246?
82
Calculate the greatest common divisor of 128408 and 644.
28
What is the highest common factor of 3307300 and 100?
100
Calculate the highest common divisor of 5130 and 729.
27
What is the greatest common divisor of 27 and 1029834?
27
What is the highest common factor of 201 and 88239?
201
What is the highest common factor of 2 and 186181?
1
What is the highest common divisor of 3456 and 208224?
864
What is the highest common factor of 109554 and 2622?
114
What is the greatest common factor of 8 and 6344?
8
What is the highest common factor of 393 and 12481287?
393
Calculate the greatest common divisor of 214 and 2942.
2
Calculate the greatest common factor of 12 and 133818.
6
What is the greatest common divisor of 8337 and 6720?
21
Calculate the highest common factor of 5700 and 874.
38
What is the highest common factor of 103047 and 1764?
147
Calculate the highest common factor of 11029 and 1614.
269
Calculate the greatest common divisor of 274482 and 390.
78
What is the highest common factor of 156446 and 75164?
874
Calculate the highest common divisor of 2772 and 121464.
252
What is the greatest common divisor of 8 and 2423?
1
Calculate the highest common factor of 32 and 747472.
16
Calculate the greatest common factor of 28388 and 73084.
604
What is the greatest common divisor of 23540 and 2420?
220
Calculate the greatest common divisor of 65314 and 339.
113
What is the greatest common factor of 1050 and 59675?
175
Calculate the greatest common divisor of 40 and 3935.
5
Calculate the greatest common divisor of 768 and 163176.
24
Calculate the greatest common divisor of 13 and 72397.
13
What is the greatest common divisor of 2067 and 129?
3
Calculate the greatest common factor of 8857 and 38554.
521
Calculate the highest common divisor of 10689 and 1449.
21
Calculate the highest common factor of 1280 and 83264.
64
Calculate the highest common divisor of 31003060 and 836.
836
What is the greatest common divisor of 4356 and 4899048?
1452
What is the highest common divisor of 3758047 and 274?
137
What is the highest common divisor of 260982 and 11178?
486
Calculate the greatest common divisor of 3053 and 2911.
71
What is the greatest common factor of 44721 and 153?
9
Calculate the greatest common divisor of 12167 and 2277.
23
What is the greatest common factor of 312612 and 327?
327
Calculate the highest common divisor of 5291 and 715.
143
Calculate the greatest common factor of 3303399 and 44.
11
Calculate the greatest common divisor of 116 and 900827.
29
What is the greatest common divisor of 5372343 and 9?
9
Calculate the greatest common factor of 3017 and 35773.
431
Calculate the greatest common divisor of 11336 and 104.
104
What is the highest common divisor of 904 and 947392?
904
What is the greatest common divisor of 175 and 61271?
7
What is the highest common factor of 380 and 335350?
190
What is the highest common divisor of 50935 and 1952?
61
What is the highest common divisor of 115 and 29371?
23
Calculate the highest common divisor of 16748 and 1060.
212
Calculate the greatest common divisor of 14403425 and 475.
475
Calculate the greatest common divisor of 26745 and 30.
15
What is the greatest common divisor of 1422 and 56722?
158
What is the greatest common divisor of 28520 and 47895?
155
What is the highest common divisor of 16394 and 574?
14
What is the greatest common factor of 68 and 7242374?
34
What is the greatest common divisor of 423 and 139167?
423
Calculate the greatest common factor of 4316 and 184054.
26
What is the highest common divisor of 7413165 and 1282?
641
What is the highest common divisor of 23947 and 224?
7
What is the greatest common divisor of 50 and 2218?
2
Calculate the highest common factor of 1008 and 350028.
252
What is the highest common factor of 3057362 and 154?
154
Calculate the greatest common factor of 111180 and 872.
436
What is the greatest common factor of 27189 and 2565?
513
What is the highest common factor of 39 and 3119961?
39
What is the greatest common factor of 1541286 and 6?
6
Calculate the greatest common factor of 210 and 120890.
70
What is the greatest common divisor of 5880 and 12152?
392
Calculate the highest common divisor of 20794 and 12506.
74
What is the highest common factor of 36171 and 18?
9
Calculate the highest common divisor of 123 and 5207.
41
Calculate the highest common factor of 36 and 1599.
3
What is the highest common divisor of 1962 and 642?
6
What is the greatest common factor of 443196 and 936?
468
Calculate the greatest common factor of 1118 and 9374.
86
Calculate the highest common divisor of 168 and 25893.
21
Calculate the highest common divisor of 17424 and 3792.
48
What is the greatest common divisor of 20511 and 162?
9
What is the highest common divisor of 16040 and 530?